mmon divisor of c and d?
18
Suppose -m - m = -3*t + 8, 3*m = t - 5. Suppose -396 = -0*f - t*f. What is the greatest common factor of f and 22?
22
Let d = -3 - -5. Suppose -4*t + 6 = -d*j, 3*t - 6*t = 2*j - 22. Suppose -2*k = -j*k + 99. Calculate the greatest common divisor of k and 22.
11
Let m = -181 - -63. Let h = m - -81. Let w be (h + 1)/(6/(-15)). What is the greatest common factor of w and 9?
9
Suppose -3*t - 3*j + 39 = 0, -t - 2*t - 2*j = -37. Suppose 2*g - g = 2*c - 200, -4*c - 4*g = -388. What is the highest common factor of t and c?
11
Suppose -4*b + 316 = -5*h - 240, h = -2*b + 292. What is the highest common factor of b and 18?
18
Let x be (0/(-2))/3 - -35. Let t be x/(-15)*3*-2. Calculate the greatest common factor of 21 and t.
7
Let g be 5*5/25 - (-7 + -2). Calculate the greatest common factor of g and 30.
10
Suppose -5*r + r + 126 = -5*t, 3*t = 2*r - 64. What is the greatest common divisor of 58 and r?
29
Let u = 178 + -167. Suppose -5*q = -a - 554, 3*a = 3*q - 490 + 148. What is the greatest common factor of q and u?
11
Let s be (-30)/(-8)*(-2 + 10). Calculate the highest common factor of s and 75.
15
Suppose 2 = -3*u + 3*k + 29, 3*u = -2*k + 2. Suppose s + u - 13 = 0. Let m be (28 - (2 - 1))/1. What is the greatest common factor of s and m?
9
Let n be 12 + (-1)/(-2)*-4. Let m = 13 - n. What is the greatest common factor of m and 2?
1
Let b(n) = -16*n - 3. Let u be b(-5). Suppose 44 = 45*r - 41*r. What is the highest common factor of r and u?
11
Suppose -4*k + 9 = -11. Suppose 2*i - k*f = 86, 234 = 5*i - 3*f - 0*f. Let w = i - 28. What is the greatest common factor of 8 and w?
4
Let a = 205 - 195. Calculate the greatest common divisor of 4 and a.
2
Let d(t) = 13*t. Let w(f) = -f**2 - f. Let q(s) = -6*d(s) - 78*w(s). Let o be q(-1). Calculate the highest common divisor of 13 and o.
13
Let s(l) = -l**3 + 6*l**2 + 8*l + 5. Let f be s(7). Let y(k) = 5*k - 7. Let x be y(5). What is the greatest common divisor of f and x?
6
Let w(b) = 5*b**2 + 6*b - 5. Let z be w(-7). Calculate the highest common factor of z and 18.
18
Let p = -237 - -337. Let u = -64 + 89. What is the highest common factor of p and u?
25
Suppose 0 = -3*b + w + 7, -2*b - 3 = -b + w. What is the greatest common divisor of 7 and b?
1
Let q = 275 + -132. Let v be 3 - (-3)/(-6)*-2. Suppose 3*w + 13 = v*w. What is the greatest common divisor of w and q?
13
Let c(y) = 8*y**2 + 3*y. Let k be c(-2). Suppose 0*m + m = k. Let a = 108 + -69. Calculate the greatest common factor of m and a.
13
Suppose 4*h - 3*x = 29, 0 = 2*h + 3*h - 4*x - 35. Suppose -b + 142 = u, 0*u + 4*b = -u + 136. Let g = -67 + u. Calculate the highest common divisor of g and h.
11
Let s(f) = -f**3 + 4*f**2 + 4. Let m be s(4). Suppose 21*n - 22*n + 1 = 0. Calculate the highest common factor of n and m.
1
Let q(w) = -w**3 - 22*w**2 - 21*w + 20. Let s be q(-21). Let r(y) = 4*y**2 - y + 1. Let f be r(1). Calculate the greatest common divisor of s and f.
4
Let w = 277 - 189. What is the greatest common divisor of w and 22?
22
Let g(w) = -w**2 + 19*w + 74. Let c be g(21). What is the highest common divisor of c and 4?
4
Suppose 3*u + 0*u + 3 = 0, -38 = -4*o - 2*u. Let s be (0 + -3)/(6/(-100)). What is the highest common divisor of s and o?
10
Suppose n - 4*n = -6, 41 = o + 2*n. Calculate the highest common factor of o and 37.
37
Let u(y) = -15*y**3 - 5*y**2 - 2*y - 4. Let x be u(-2). Calculate the greatest common factor of x and 40.
20
Let h(k) = -13*k - 1. Let z be h(-5). Let t = 3 - 3. Let d be (20 + -4)*(1 - t). What is the highest common divisor of z and d?
16
Let t be (150/12)/(2/4). What is the highest common factor of 10 and t?
5
Suppose 0 = 3*d + 20 - 2. Let h be d*(8/6)/(-2). Suppose z = -2*i + 34, -i = -h*i + 6. Calculate the greatest common factor of z and 6.
6
Let v be 1 + 4 + (-3 - -3). What is the greatest common divisor of 15 and v?
5
Let a = 6 - 3. Suppose -a*p + 86 = -13. Calculate the greatest common divisor of p and 11.
11
Let n(q) = -q**2 - 3*q + 1. Let b be n(-2). Let o be (-5)/b*(-12 + 0). Let w be (-6)/2*2/(-3). Calculate the highest common factor of w and o.
2
Let d = 36 + -12. Calculate the greatest common divisor of 96 and d.
24
Let j = 23 + -6. Calculate the highest common divisor of 119 and j.
17
Let t(q) = 5*q - 4. Let j be t(4). Let s = j + -6. What is the greatest common factor of s and 2?
2
Let i = 21 + -21. Let a be 4/(i - 2) + 10. What is the highest common factor of a and 72?
8
Let m = 3 - -1. Let c be 3/(-6) + 194/m. What is the greatest common factor of 32 and c?
16
Let g be 1/(7/2) - 517/(-77). Calculate the highest common factor of 21 and g.
7
Suppose 4*u + 1 = -0*u - 5*t, 0 = 2*t + 2. Let x = u + 5. What is the greatest common factor of 12 and x?
6
Suppose -2*t + 102 = h, -3*t - 17 + 5 = 0. What is the greatest common divisor of h and 10?
10
Let a(g) = -g. Let x be a(-6). Let h(u) = u**3 + 2*u**2 - 3*u + 1. Let i be h(-3). Calculate the highest common factor of x and i.
1
Let z be (-100)/(-36) + 2/9. Suppose 1 = -y + z. What is the highest common factor of y and 2?
2
Suppose -4*n - 5*l + 5 = 0, 9 - 3 = -2*l. Suppose i - n*i = -12. Suppose -3*a - 2 = i*t + 2*a, -2*a + 2 = 4*t. What is the greatest common divisor of 1 and t?
1
Suppose -4*u = 4*r, 2*u + 3*r + 1 + 3 = 0. Suppose 0 = -2*s + u*s - 14. Calculate the highest common factor of 63 and s.
7
Let f be 8/6*9/6. Let m(q) = 4*q**2 - 1. Let o be m(f). Calculate the greatest common factor of 3 and o.
3
Let c(h) = -h**3 - 6*h**2 + 6*h - 1. Let w be c(-7). Let z(y) = -y**2 + 6*y + 8. Let m be z(w). Calculate the greatest common divisor of 12 and m.
4
Suppose 2*p = 3*c - 264, -419 + 68 = -4*c + 3*p. Let w(x) = -x + 1. Let g be w(-5). Suppose g = -3*k + 36. What is the greatest common divisor of k and c?
10
Suppose -2 = -3*h + 1. Let b be -1 - -3 - -138*h. Calculate the highest common factor of b and 20.
20
Suppose -2*j = -0*a + 2*a - 18, 5*a - 37 = -4*j. Suppose q + 12 = 4*q. Let p be -1 + 15 + q/(-2). Calculate the highest common factor of j and p.
4
Let i be (-150)/(-35) + (-2)/7. Suppose 3*b - 8*b - t + 436 = 0, -280 = -3*b + i*t. Calculate the highest common divisor of 11 and b.
11
Suppose 5*f = -3*i - 5, 2*f + 0 = 4*i - 2. Let d be 1*(-1 + i)*-2. Calculate the highest common divisor of d and 10.
2
Let n(q) = q**2 + 5*q. Let b(x) = x - 10. Let j be b(5). Let u be n(j). Suppose u = 3*a - 9 - 75. Calculate the highest common divisor of a and 14.
14
Let c(b) = 3*b - 42. Let l be c(18). Let t = -20 - -43. Suppose p - l = t. Calculate the greatest common divisor of p and 7.
7
Let j be 10/(-8) + (-2)/(-8). Let c be j*(-71 + (-1 - -2)). Let n be (-1)/(-6) + 236/24. Calculate the highest common factor of c and n.
10
Let x be 79/(2/2) - -1. Let h = -16 + 26. What is the greatest common factor of h and x?
10
Let g(i) = -i**3 - i**2 + 6*i + 12. Let f be g(-4). Calculate the highest common divisor of 90 and f.
18
Let j be 4/5*(1 - -19). Let b = j - 11. Suppose 165 = 2*z + b*f + 35, -4*z = -4*f - 316. What is the greatest common factor of z and 15?
15
Let p = -39 + 57. Suppose c + 6 = p. Suppose 5 = -2*m + 21. What is the highest common factor of m and c?
4
Let k(v) be the second derivative of -v**4/12 - 5*v**3/2 - 3*v**2 - v. Let l be k(-10). What is the highest common divisor of 11 and l?
11
Let p = -9 - -17. Let k(l) = l - 8. Let a be k(p). Suppose -m = -a*m - 112. What is the greatest common factor of 14 and m?
14
Let j(v) = v**2 - 4*v - 2. Let c be j(5). Suppose c = -g + 7. Let h be (6/g)/((-1)/(-10)). Calculate the greatest common divisor of h and 6.
3
Suppose -2*k + 4*f = -10, -4*f = -5*k - f + 25. Suppose -k*y + 21 = -364. Suppose 0 = -z + 2*z - 7. Calculate the greatest common divisor of z and y.
7
Let a be 33 + -7 + 4 + -2. Let o be (3 + -4)*(1 - 1). Let b = o - -7. What is the highest common factor of a and b?
7
Let a(x) = x**3 + 7*x**2 - 2*x + 9. Let m be a(-7). What is the highest common factor of 115 and m?
23
Suppose -1 = 2*d + 13. Let t = 8 + d. Suppose 7*n - 3*n - 36 = 0. What is the highest common divisor of n and t?
1
Let g be (-112)/(-21) + 2/3. Let p(n) = -n**3 + 4*n**2 + 6*n + 1. Let l be p(5). What is the highest common factor of g and l?
6
Let l = -45 + 30. Let r be (l/12)/((-2)/8). Let t = 7 - 5. Calculate 